{"id":2004,"date":"2015-03-19T18:12:37","date_gmt":"2015-03-19T18:12:37","guid":{"rendered":"http:\/\/demo.drfuri.com\/mrbara\/?page_id=2004"},"modified":"2023-12-17T05:02:26","modified_gmt":"2023-12-17T05:02:26","slug":"politica-de-reembolso","status":"publish","type":"page","link":"https:\/\/grizzlybear.studio56.cl\/index.php\/politica-de-reembolso\/","title":{"rendered":"POL\u00cdTICA DE REEMBOLSO"},"content":{"rendered":"<div class=\"wpb-content-wrapper\"><p>[vc_row][vc_column]<div class=\"mrbara-heading    vc_custom_1476175207500 text-small heading-style6\"><div class=\"row\"><div class=\"col-md-1 col-sm-1 col-xs-2 col-xs-offset-1 col-md-offset-1 col-sm-offset-1 col-left\"><div class=\"mr-vertical-line\" ><\/div><\/div><div class=\"col-md-8 col-sm-8 col-xs-8 col-xs-offset-1 col-md-offset-2 col-sm-offset-2 col-right\"><div class=\"title\" style=\"font-size:18px\"><p><span class=\"primary-color\">PRODUCTS RETURN<\/span><\/p>\n<\/div><\/div><\/div><\/div>[\/vc_column][\/vc_row][vc_row][vc_column width=&#8221;2\/12&#8243;][\/vc_column][vc_column width=&#8221;8\/12&#8243;][vc_empty_space][vc_toggle title=&#8221;Devoluciones&#8221; style=&#8221;text_only&#8221; size=&#8221;lg&#8221; open=&#8221;true&#8221; el_id=&#8221;1464939184208-3761b6d5-e09b&#8221;]Nuestra pol\u00edtica dura 30 d\u00edas. Si han transcurrido 30 d\u00edas desde su compra, desafortunadamente no podemos ofrecerle un reembolso o cambio.\u00a0Para ser elegible para una devoluci\u00f3n, su art\u00edculo debe estar sin uso y en las mismas condiciones en que lo recibi\u00f3. Tambi\u00e9n debe estar en el embalaje original.[\/vc_toggle][vc_empty_space][vc_toggle title=&#8221;Reembolsos (si corresponde)&#8221; style=&#8221;text_only&#8221; size=&#8221;lg&#8221; open=&#8221;true&#8221; el_id=&#8221;1466409091591-468ec8ec-870d&#8221;]Una vez que nos contactes a\u00a0<a href=\"mailto:hola@grizzlybear.studio56.cl\"><strong>hola@grizzlybear.studio56.cl<\/strong><\/a>, gestionaremos el\u00a0proceso de envio de tus productos a nuestras oficinas. Luego, una vez que nos confirmen desde nuestra bodega que estos hayan sido entregados en perfectas condiciones cumpliendo todos los requisitos anteriormente mencionados, gestionamos el reembolso.\u00a0Este\u00a0reembolso se hace directamente a tu cuenta de banco (no a la tarjeta con la cual se hizo la compra) o tambi\u00e9n puedes pedirnos un cup\u00f3n por el mismo monto para comprar nuevamente en nuestra p\u00e1gina web.<\/p>\n<p><strong>Usted ser\u00e1 responsable de pagar sus propios gastos de env\u00edo para devolver\u00a0<\/strong>su art\u00edculo.[\/vc_toggle][vc_empty_space][vc_toggle title=&#8221;REEMBOLSOS ATRASADOS \u200b\u200bO FALTANTES (SI CORRESPONDE)&#8221; style=&#8221;text_only&#8221; size=&#8221;lg&#8221; open=&#8221;true&#8221; el_id=&#8221;1470368078920-565d11ed-9125&#8243;]Si a\u00fan no ha recibido un reembolso, primero verifique nuevamente su cuenta bancaria.<br \/>\nLuego, comun\u00edquese con la compa\u00f1\u00eda de su tarjeta de cr\u00e9dito, puede tomar alg\u00fan tiempo antes de que se publique oficialmente su reembolso. A continuaci\u00f3n, p\u00f3ngase en contacto con su banco. A menudo hay alg\u00fan tiempo de procesamiento antes de que se publique un reembolso.<br \/>\nSi ha hecho todo esto y a\u00fan no ha recibido su reembolso, cont\u00e1ctenos en\u00a0<a href=\"mailto:hola@grizzlybear.studio56.cl\"><strong>hola@grizzlybear.studio56.cl<\/strong><\/a>[\/vc_toggle][vc_empty_space][vc_toggle title=&#8221;CAMBIOS (SI CORRESPONDE)&#8221; style=&#8221;text_only&#8221; size=&#8221;lg&#8221; open=&#8221;true&#8221;]Solo reemplazamos los art\u00edculos si est\u00e1n defectuosos o da\u00f1ados. Si necesita cambiarlo por el mismo art\u00edculo, env\u00edenos un correo electr\u00f3nico a\u00a0<a href=\"mailto:hola@grizzlybear.studio56.cl\"><strong>hola@grizzlybear.studio56.cl<\/strong><\/a>[\/vc_toggle][vc_empty_space][vc_toggle title=&#8221;CAMBIOS (SI CORRESPONDE)&#8221; style=&#8221;text_only&#8221; size=&#8221;lg&#8221; open=&#8221;true&#8221;]Para devolver su producto, debe coordinar con el personal de\u00a0<strong>GRIZZLYBEAR\u00a0<\/strong>a<a href=\"mailto:hola@grizzlybear.studio56.cl\">\u00a0<strong>hola@grizzlybear.studio56.cl<\/strong><\/a><\/p>\n<p><strong>Usted ser\u00e1 responsable de pagar sus propios gastos de env\u00edo para devolver\u00a0<\/strong>su art\u00edculo. Los gastos de env\u00edo no son reembolsables.\u00a0Dependiendo de d\u00f3nde viva, el tiempo que le lleve a su producto intercambiado llegar hasta a usted puede variar.[\/vc_toggle][\/vc_column][vc_column width=&#8221;2\/12&#8243;][\/vc_column][\/vc_row]<\/p>\n<\/div>","protected":false},"excerpt":{"rendered":"<p>[vc_row][vc_column][\/vc_column][\/vc_row][vc_row][vc_column width=&#8221;2\/12&#8243;][\/vc_column][vc_column width=&#8221;8\/12&#8243;][vc_empty_space][vc_toggle title=&#8221;Devoluciones&#8221; style=&#8221;text_only&#8221; size=&#8221;lg&#8221; open=&#8221;true&#8221; el_id=&#8221;1464939184208-3761b6d5-e09b&#8221;]Nuestra pol\u00edtica dura 30 d\u00edas. Si han transcurrido 30 d\u00edas desde su compra, desafortunadamente no podemos ofrecerle un reembolso o cambio.\u00a0Para ser elegible&hellip;<\/p>\n","protected":false},"author":1,"featured_media":0,"parent":0,"menu_order":0,"comment_status":"closed","ping_status":"open","template":"template-full-width.php","meta":{"_joinchat":[],"footnotes":""},"class_list":["post-2004","page","type-page","status-publish","hentry"],"_links":{"self":[{"href":"https:\/\/grizzlybear.studio56.cl\/index.php\/wp-json\/wp\/v2\/pages\/2004","targetHints":{"allow":["GET"]}}],"collection":[{"href":"https:\/\/grizzlybear.studio56.cl\/index.php\/wp-json\/wp\/v2\/pages"}],"about":[{"href":"https:\/\/grizzlybear.studio56.cl\/index.php\/wp-json\/wp\/v2\/types\/page"}],"author":[{"embeddable":true,"href":"https:\/\/grizzlybear.studio56.cl\/index.php\/wp-json\/wp\/v2\/users\/1"}],"replies":[{"embeddable":true,"href":"https:\/\/grizzlybear.studio56.cl\/index.php\/wp-json\/wp\/v2\/comments?post=2004"}],"version-history":[{"count":2,"href":"https:\/\/grizzlybear.studio56.cl\/index.php\/wp-json\/wp\/v2\/pages\/2004\/revisions"}],"predecessor-version":[{"id":10245,"href":"https:\/\/grizzlybear.studio56.cl\/index.php\/wp-json\/wp\/v2\/pages\/2004\/revisions\/10245"}],"wp:attachment":[{"href":"https:\/\/grizzlybear.studio56.cl\/index.php\/wp-json\/wp\/v2\/media?parent=2004"}],"curies":[{"name":"wp","href":"https:\/\/api.w.org\/{rel}","templated":true}]}}