{"id":11871,"date":"2025-04-27T07:19:12","date_gmt":"2025-04-27T07:19:12","guid":{"rendered":"https:\/\/grizzlybear.studio56.cl\/?post_type=product&#038;p=11871"},"modified":"2025-09-18T04:12:49","modified_gmt":"2025-09-18T04:12:49","slug":"ashwagandha","status":"publish","type":"product","link":"https:\/\/grizzlybear.studio56.cl\/index.php\/producto\/ashwagandha\/","title":{"rendered":"ASHWAGANDHA"},"content":{"rendered":"<h3 data-start=\"60\" data-end=\"111\"><strong data-start=\"64\" data-end=\"111\">ASHWAGANDHA \u2013 60 C\u00e1psulas (C\u00e1psula Vegetal)<\/strong><\/h3>\n<p data-start=\"113\" data-end=\"512\"><strong data-start=\"113\" data-end=\"128\">ASHWAGANDHA<\/strong> es un suplemento natural elaborado con extracto estandarizado de ra\u00edz de <em data-start=\"202\" data-end=\"222\">Withania somnifera<\/em>, tradicionalmente usado como adapt\u00f3geno para mejorar la resistencia al estr\u00e9s y promover el bienestar f\u00edsico y mental. Su f\u00f3rmula en c\u00e1psulas vegetales, sin conservantes, az\u00facar ni calor\u00edas, est\u00e1 pensada para quienes buscan un apoyo integral y limpio.<\/p>\n<hr data-start=\"514\" data-end=\"517\" \/>\n<h2 data-start=\"519\" data-end=\"535\">M\u00c9TODO DE USO<\/h2>\n<p data-start=\"537\" data-end=\"574\"><span class=\"relative -mx-px my-[-0.2rem] rounded px-px py-[0.2rem] transition-colors duration-100 ease-in-out\">Tomar <strong data-start=\"6\" data-end=\"46\">1 c\u00e1psula al d\u00eda con un vaso de agua<\/strong>, preferentemente con una comida. Se recomienda usar de forma continua durante al menos 4 semanas para obtener beneficios constantes. No exceder la dosis recomendada. No reemplaza una dieta equilibrada ni la orientaci\u00f3n m\u00e9dica.<\/span><\/p>\n<hr data-start=\"576\" data-end=\"579\" \/>\n<h2 data-start=\"581\" data-end=\"612\">CARACTER\u00cdSTICAS Y BENEFICIOS<\/h2>\n<h3 data-start=\"614\" data-end=\"646\">Caracter\u00edsticas Principales:<\/h3>\n<ul data-start=\"647\" data-end=\"848\">\n<li data-start=\"647\" data-end=\"726\">\n<p data-start=\"649\" data-end=\"726\"><span class=\"relative -mx-px my-[-0.2rem] rounded px-px py-[0.2rem] transition-colors duration-100 ease-in-out\"><strong data-start=\"0\" data-end=\"26\" data-is-only-node=\"\">Extracto estandarizado<\/strong> a between 300\u2013600\u202fmg\/d\u00eda, con un m\u00ednimo de 5\u202f% withanolides para eficacia comprobada.<\/span><\/p>\n<\/li>\n<li data-start=\"727\" data-end=\"768\">\n<p data-start=\"729\" data-end=\"768\"><span class=\"relative -mx-px my-[-0.2rem] rounded px-px py-[0.2rem] transition-colors duration-100 ease-in-out\"><strong data-start=\"0\" data-end=\"22\" data-is-only-node=\"\">C\u00e1psulas vegetales<\/strong> sin conservantes ni az\u00facar, aptas para dietas conscientes.<\/span><\/p>\n<\/li>\n<li data-start=\"769\" data-end=\"848\">\n<p data-start=\"771\" data-end=\"848\"><span class=\"relative -mx-px my-[-0.2rem] rounded px-px py-[0.2rem] transition-colors duration-100 ease-in-out\"><strong data-start=\"0\" data-end=\"22\" data-is-only-node=\"\">Adapt\u00f3geno natural<\/strong>, seguro y bien tolerado por la mayor\u00eda.<\/span><\/p>\n<\/li>\n<\/ul>\n<h3 data-start=\"850\" data-end=\"865\">Beneficios:<\/h3>\n<ul data-start=\"866\" data-end=\"1365\">\n<li data-start=\"866\" data-end=\"945\">\n<p data-start=\"868\" data-end=\"945\"><span class=\"relative -mx-px my-[-0.2rem] rounded px-px py-[0.2rem] transition-colors duration-100 ease-in-out\"><strong data-start=\"0\" data-end=\"34\" data-is-only-node=\"\">Reduce el estr\u00e9s y la ansiedad<\/strong>, ayuda a bajar niveles de cortisol y mejora la sensaci\u00f3n de calma.<\/span><\/p>\n<\/li>\n<li data-start=\"946\" data-end=\"1029\">\n<p data-start=\"948\" data-end=\"1029\"><span class=\"relative -mx-px my-[-0.2rem] rounded px-px py-[0.2rem] transition-colors duration-100 ease-in-out\"><strong data-start=\"0\" data-end=\"19\" data-is-only-node=\"\">Mejora el sue\u00f1o<\/strong>, favorece calidad y eficiencia del descanso.<\/span><\/p>\n<\/li>\n<li data-start=\"1030\" data-end=\"1113\">\n<p data-start=\"1032\" data-end=\"1113\"><span class=\"relative -mx-px my-[-0.2rem] rounded px-px py-[0.2rem] transition-colors duration-100 ease-in-out\"><strong data-start=\"0\" data-end=\"56\" data-is-only-node=\"\">Potencia la concentraci\u00f3n, memoria y claridad mental<\/strong>.<\/span><\/p>\n<\/li>\n<li data-start=\"1114\" data-end=\"1197\">\n<p data-start=\"1116\" data-end=\"1197\"><span class=\"relative -mx-px my-[-0.2rem] rounded px-px py-[0.2rem] transition-colors duration-100 ease-in-out\"><strong data-start=\"0\" data-end=\"46\" data-is-only-node=\"\">Apoya el rendimiento f\u00edsico y recuperaci\u00f3n<\/strong>, favorece fuerza, resistencia y menor fatiga.<\/span><\/p>\n<\/li>\n<li data-start=\"1198\" data-end=\"1281\">\n<p data-start=\"1200\" data-end=\"1281\"><span class=\"relative -mx-px my-[-0.2rem] rounded px-px py-[0.2rem] transition-colors duration-100 ease-in-out\"><strong data-start=\"0\" data-end=\"55\" data-is-only-node=\"\">Regula el sistema inmunol\u00f3gico y reduce inflamaci\u00f3n<\/strong>, aportando protecci\u00f3n antioxidante.<\/span><\/p>\n<\/li>\n<li data-start=\"1282\" data-end=\"1365\">\n<p data-start=\"1284\" data-end=\"1365\"><span class=\"relative -mx-px my-[-0.2rem] rounded px-px py-[0.2rem] transition-colors duration-100 ease-in-out\"><strong data-start=\"0\" data-end=\"32\" data-is-only-node=\"\">Mejora la vitalidad hormonal<\/strong>, incluyendo incremento de testosterona y salud reproductiva.<\/span><\/p>\n<\/li>\n<\/ul>\n","protected":false},"excerpt":{"rendered":"<p>60 C\u00e1psulas<\/p>\n","protected":false},"featured_media":11872,"comment_status":"open","ping_status":"closed","template":"","meta":{"_joinchat":[]},"product_cat":[130],"product_tag":[],"class_list":["post-11871","product","type-product","status-publish","has-post-thumbnail","hentry","product_cat-salud-y-bienestar"],"_links":{"self":[{"href":"https:\/\/grizzlybear.studio56.cl\/index.php\/wp-json\/wp\/v2\/product\/11871","targetHints":{"allow":["GET"]}}],"collection":[{"href":"https:\/\/grizzlybear.studio56.cl\/index.php\/wp-json\/wp\/v2\/product"}],"about":[{"href":"https:\/\/grizzlybear.studio56.cl\/index.php\/wp-json\/wp\/v2\/types\/product"}],"replies":[{"embeddable":true,"href":"https:\/\/grizzlybear.studio56.cl\/index.php\/wp-json\/wp\/v2\/comments?post=11871"}],"wp:featuredmedia":[{"embeddable":true,"href":"https:\/\/grizzlybear.studio56.cl\/index.php\/wp-json\/wp\/v2\/media\/11872"}],"wp:attachment":[{"href":"https:\/\/grizzlybear.studio56.cl\/index.php\/wp-json\/wp\/v2\/media?parent=11871"}],"wp:term":[{"taxonomy":"product_cat","embeddable":true,"href":"https:\/\/grizzlybear.studio56.cl\/index.php\/wp-json\/wp\/v2\/product_cat?post=11871"},{"taxonomy":"product_tag","embeddable":true,"href":"https:\/\/grizzlybear.studio56.cl\/index.php\/wp-json\/wp\/v2\/product_tag?post=11871"}],"curies":[{"name":"wp","href":"https:\/\/api.w.org\/{rel}","templated":true}]}}