{"id":11881,"date":"2025-04-27T07:27:59","date_gmt":"2025-04-27T07:27:59","guid":{"rendered":"https:\/\/grizzlybear.studio56.cl\/?post_type=product&#038;p=11881"},"modified":"2025-09-18T04:15:45","modified_gmt":"2025-09-18T04:15:45","slug":"inmunoforte","status":"publish","type":"product","link":"https:\/\/grizzlybear.studio56.cl\/index.php\/producto\/inmunoforte\/","title":{"rendered":"INMUNOFORTE"},"content":{"rendered":"<h3 data-start=\"60\" data-end=\"93\"><strong data-start=\"64\" data-end=\"93\">INMUNOFORTE \u2013 60 c\u00e1psulas<\/strong><\/h3>\n<p data-start=\"95\" data-end=\"514\"><strong data-start=\"95\" data-end=\"110\">INMUNOFORTE<\/strong> es un suplemento formulado para fortalecer el sistema inmunol\u00f3gico de forma natural. Su combinaci\u00f3n premium de <strong data-start=\"222\" data-end=\"236\">vitamina C<\/strong>, <strong data-start=\"238\" data-end=\"253\">vitamina\u202fD3<\/strong>, <strong data-start=\"255\" data-end=\"269\">vitamina\u202fE<\/strong> y <strong data-start=\"272\" data-end=\"293\">zinc bisglicinato<\/strong>, junto a c\u00e1psulas vegetales, potencia la defensa del organismo sin az\u00facares, conservantes ni calor\u00edas. Ideal para quienes buscan un refuerzo integral de salud y nutrici\u00f3n consciente.<\/p>\n<hr data-start=\"516\" data-end=\"519\" \/>\n<h2 data-start=\"521\" data-end=\"537\">M\u00c9TODO DE USO<\/h2>\n<p data-start=\"539\" data-end=\"576\"><span class=\"relative -mx-px my-[-0.2rem] rounded px-px py-[0.2rem] transition-colors duration-100 ease-in-out\">Tomar <strong data-start=\"6\" data-end=\"46\">1 c\u00e1psula al d\u00eda con un vaso de agua<\/strong>, preferentemente con una comida. Recomendada su ingesta continua durante al menos 4 semanas para efectos sostenidos. No superar la dosis indicada. No sustituye una dieta equilibrada ni atenci\u00f3n m\u00e9dica.<\/span><\/p>\n<hr data-start=\"578\" data-end=\"581\" \/>\n<h2 data-start=\"583\" data-end=\"614\">CARACTER\u00cdSTICAS Y BENEFICIOS<\/h2>\n<h3 data-start=\"616\" data-end=\"648\">Caracter\u00edsticas Principales:<\/h3>\n<ul data-start=\"649\" data-end=\"930\">\n<li data-start=\"649\" data-end=\"810\">\n<p data-start=\"651\" data-end=\"678\"><strong data-start=\"651\" data-end=\"675\">Vitaminas esenciales<\/strong>:<\/p>\n<ul data-start=\"681\" data-end=\"810\">\n<li data-start=\"681\" data-end=\"722\">\n<p data-start=\"683\" data-end=\"722\"><span class=\"relative -mx-px my-[-0.2rem] rounded px-px py-[0.2rem] transition-colors duration-100 ease-in-out\"><strong data-start=\"0\" data-end=\"14\" data-is-only-node=\"\">Vitamina\u202fC<\/strong> (\u00e1cido asc\u00f3rbico): antioxidante que protege c\u00e9lulas y favorece producci\u00f3n de col\u00e1geno.<\/span><\/p>\n<\/li>\n<li data-start=\"725\" data-end=\"766\">\n<p data-start=\"727\" data-end=\"766\"><span class=\"relative -mx-px my-[-0.2rem] rounded px-px py-[0.2rem] transition-colors duration-100 ease-in-out\"><strong data-start=\"0\" data-end=\"15\" data-is-only-node=\"\">Vitamina\u202fD3<\/strong> (800\u202fUI): regulador del sistema inmunol\u00f3gico y salud \u00f3sea.<\/span><\/p>\n<\/li>\n<li data-start=\"769\" data-end=\"810\">\n<p data-start=\"771\" data-end=\"810\"><span class=\"relative -mx-px my-[-0.2rem] rounded px-px py-[0.2rem] transition-colors duration-100 ease-in-out\"><strong data-start=\"0\" data-end=\"14\" data-is-only-node=\"\">Vitamina\u202fE<\/strong>: antioxidante que combate el estr\u00e9s oxidativo.<\/span><\/p>\n<\/li>\n<\/ul>\n<\/li>\n<li data-start=\"811\" data-end=\"852\">\n<p data-start=\"813\" data-end=\"852\"><span class=\"relative -mx-px my-[-0.2rem] rounded px-px py-[0.2rem] transition-colors duration-100 ease-in-out\"><strong data-start=\"0\" data-end=\"21\" data-is-only-node=\"\">Zinc bisglicinato<\/strong>: altamente biodisponible, esencial para cicatrizaci\u00f3n, defensas, piel y mucosas.<\/span><\/p>\n<\/li>\n<li data-start=\"853\" data-end=\"930\">\n<p data-start=\"855\" data-end=\"930\"><span class=\"relative -mx-px my-[-0.2rem] rounded px-px py-[0.2rem] transition-colors duration-100 ease-in-out\"><strong data-start=\"0\" data-end=\"29\" data-is-only-node=\"\">C\u00e1psulas vegetales (HPMC)<\/strong>: aptas para estilos de vida saludables, sin conservantes, az\u00facar ni calor\u00edas.<\/span><\/p>\n<\/li>\n<\/ul>\n<h3 data-start=\"932\" data-end=\"947\">Beneficios:<\/h3>\n<ul data-start=\"948\" data-end=\"1263\">\n<li data-start=\"948\" data-end=\"1021\">\n<p data-start=\"950\" data-end=\"1021\"><strong data-start=\"950\" data-end=\"985\">Refuerza las defensas naturales<\/strong>, ayudando a prevenir infecciones.<\/p>\n<\/li>\n<li data-start=\"1022\" data-end=\"1089\">\n<p data-start=\"1024\" data-end=\"1089\"><strong data-start=\"1024\" data-end=\"1049\">Antioxidante completo<\/strong>, protege las c\u00e9lulas del da\u00f1o diario.<\/p>\n<\/li>\n<li data-start=\"1090\" data-end=\"1181\">\n<p data-start=\"1092\" data-end=\"1181\"><strong data-start=\"1092\" data-end=\"1123\">Soporte inmunol\u00f3gico diario<\/strong>, ideal en temporadas de fr\u00edo, estr\u00e9s o alta exposici\u00f3n.<\/p>\n<\/li>\n<li data-start=\"1182\" data-end=\"1263\">\n<p data-start=\"1184\" data-end=\"1263\"><strong data-start=\"1184\" data-end=\"1205\">F\u00e1cil de integrar<\/strong>, apto para dietas pretendidas como plant-based o limpias.<\/p>\n<\/li>\n<\/ul>\n","protected":false},"excerpt":{"rendered":"<p>60 C\u00e1psulas<\/p>\n","protected":false},"featured_media":11882,"comment_status":"open","ping_status":"closed","template":"","meta":{"_joinchat":[]},"product_cat":[130],"product_tag":[],"class_list":["post-11881","product","type-product","status-publish","has-post-thumbnail","hentry","product_cat-salud-y-bienestar"],"_links":{"self":[{"href":"https:\/\/grizzlybear.studio56.cl\/index.php\/wp-json\/wp\/v2\/product\/11881","targetHints":{"allow":["GET"]}}],"collection":[{"href":"https:\/\/grizzlybear.studio56.cl\/index.php\/wp-json\/wp\/v2\/product"}],"about":[{"href":"https:\/\/grizzlybear.studio56.cl\/index.php\/wp-json\/wp\/v2\/types\/product"}],"replies":[{"embeddable":true,"href":"https:\/\/grizzlybear.studio56.cl\/index.php\/wp-json\/wp\/v2\/comments?post=11881"}],"wp:featuredmedia":[{"embeddable":true,"href":"https:\/\/grizzlybear.studio56.cl\/index.php\/wp-json\/wp\/v2\/media\/11882"}],"wp:attachment":[{"href":"https:\/\/grizzlybear.studio56.cl\/index.php\/wp-json\/wp\/v2\/media?parent=11881"}],"wp:term":[{"taxonomy":"product_cat","embeddable":true,"href":"https:\/\/grizzlybear.studio56.cl\/index.php\/wp-json\/wp\/v2\/product_cat?post=11881"},{"taxonomy":"product_tag","embeddable":true,"href":"https:\/\/grizzlybear.studio56.cl\/index.php\/wp-json\/wp\/v2\/product_tag?post=11881"}],"curies":[{"name":"wp","href":"https:\/\/api.w.org\/{rel}","templated":true}]}}